 - -18)).
13
What is the value of -1 + 20 - (430 - 457)?
46
What is the value of (4 - -8) + -11 - (-18 - -17)?
2
Evaluate -2 + 43 + (9 + 13 - 3) + -22.
38
(-34 + 32 - -11) + (6 - 103) + 2
-86
What is 1 - (-7 + 32 + -1 + -10 - 10)?
-3
Calculate 0 + 13 - (-22 + -30 + -47 + 22).
90
Calculate -161 - (-83 - (-152 + 119)).
-111
What is (-4 + 6 - (0 + -14)) + (10 - -20) + -21?
25
What is (1 - -17) + (-15 - ((26 - 11) + -20)) - -104?
112
What is (46 - (3 + -5) - (-571 - -588)) + -5 + 0?
26
Calculate -2 + 1 - 63 - (354 - 374).
-44
(60 - 53) + -69 + 29
-33
(3 - 3) + (-13 - -10) + (-5 - (-4 - -21))
-25
Evaluate 1 - (2 - -20) - (425 + -433).
-13
What is (59 - 64) + -1 + (-3 - -23) + (4 - 2)?
16
What is -73 + (16 - -35) - 21?
-43
What is the value of -8 - 2 - (137 + -147)?
0
-19 + -2 + 14 + (0 - 1) + -15
-23
What is the value of (-39 + 23 + -1 - -19) + -15 + -2 + 60?
45
What is -16 - (23 + 39 + -34)?
-44
What is the value of -14 + (-178 + 134 - (2 - 2 - 10))?
-48
What is 71 + (-2 - 18 - (19 - (-15 + 59)))?
76
What is the value of (143 - 22) + -106 - (-1 + 1 + 102)?
-87
What is the value of (-80 - -83) + (-3 - 3 - -38)?
35
Evaluate -4 + 76 + -26 + -26.
20
What is the value of 246 + -205 - (55 - 15)?
1
Calculate 1 + -6 + 134 + (9 - -21 - 53).
106
Calculate 150 + -224 + 0 + 14 + (5 - 2) + 0.
-57
What is the value of -59 + (-67 - -146) - -35?
55
Evaluate 18 + (13 + -3 - 22).
6
-6 - (81 - (1 + (2 - 8) - (-631 + 634)))
-95
What is -1 - (-1 - -3) - ((-2 - -50) + -10)?
-41
What is the value of -27 + (566 - 533) + 0 + 6?
12
Evaluate (-2 - -1) + (-10 - 7 - -21 - -8) + -71.
-60
Evaluate (-85 - (1 - 27 - -57)) + 33.
-83
What is the value of 22 - -13 - 25 - 16?
-6
Calculate -239 + 129 + (97 - -81).
68
What is the value of 31 + 5 + -1 + -9 + -7 + (12 - -10)?
41
Evaluate -15 - 40 - (-660 - -516).
89
Calculate 3 + -2 + -3 - (-1121 - -1133).
-14
-28 + (139 - 153) + (-105 - -2)
-145
Evaluate -2 + -3 + 5 - 5 - (16 - -2).
-23
What is the value of 13 - (6 + 7 + (0 - 16 - -107))?
-91
Evaluate -68 + 7 + 119 + -33.
25
What is 23 + (20 - 29 - -40 - 10)?
44
Calculate 4 - 0 - (97 + -50 + -57) - (0 + 10).
4
What is 69 + -26 + -23 + 38?
58
What is 115 + (-13 - (12 - 6)) + 4 + -1?
99
What is the value of 165 + -177 + -47 + 18?
-41
(2 + 0 - 4) + (-22 - (-30 - 6))
12
What is -43 - (107 + -32 + -111)?
-7
Calculate 35 - ((-18 - -16) + 28).
9
What is -61 + -110 + 71 + 165?
65
2 + 77 + (-233 - -210)
56
What is -11 + 33 - 172 - (-1 - (18 + -7))?
-138
Evaluate 26 + (8 - 21 - (-31 - -19)).
25
Evaluate 50 - -67 - 79 - -83.
121
-142 - -146 - (1 - 4) - (-6 - 2)
15
What is the value of -80 + (1 - (8 - (-4 + 6 + -4))) + 5?
-84
Calculate -2 - (-150 - (92 - 212)).
28
Calculate (719 - 705) + 1 + -1 + (-41 - 4).
-31
(-27 - (-30 - -23)) + -1 - 22
-43
Evaluate (-21 - -40 - 16) + -41.
-38
What is the value of 39 + (-13 - 1 - (-379 + 363))?
41
Calculate (4 - 12) + -3 - 82 - (11 + (10 - 11)).
-103
What is the value of (40 - 15) + -69 - -96?
52
What is 40 - (93 + 176 - 127)?
-102
Calculate (43 - 109) + (-10 + 44 - 15).
-47
Calculate 2 - 135 - ((54 + -3 - 59) + (2 - 9)).
-118
Calculate -41 + -2 + (15 - (-3 + -8 + 19)).
-36
Evaluate -2 + -21 + (81 - 79 - 12).
-33
(4 - 22) + (71 - (24 - 26))
55
Calculate (87 - 71) + (-12 - -6) + -15 - (-29 + 1).
23
Calculate 38 + -34 + -52 + (98 - 105).
-55
Evaluate -41 - -29 - (162 - 132).
-42
Evaluate 451 + -434 - (15 + 5).
-3
Calculate (-23 - -4) + -1 + -1 + 21 + (-24 - -5).
-19
Calculate (14 - (-12 - ((-10 - 0) + -3))) + -5 - -55.
63
(-28 - (-62 + 30)) + (36 - (-4 + 0))
44
What is 9 - 40 - ((-5 + 0 - -13) + 4)?
-43
(37 - 15 - 15) + 93 + (-11 - -21)
110
(-2 - -1) + 45 - (-33223 + 33200)
67
Evaluate -41 + 132 + -192 - (14 - 0).
-115
Evaluate 211 - 353 - (41 + -145).
-38
What is 9 - ((-26 - (-27 + 11)) + 0 + 18) - -50?
51
What is -19 + -13 + -20 + 29 + -38?
-61
-15 - ((1 - -6) + (95 - 93) - 43)
19
Calculate 0 + (-14 + -12 - -14 - -8 - -5) + 97.
98
-3 - (-23 - 7 - -1)
26
What is the value of 6 - 31 - (-83 + 49) - (-25 - -4)?
30
Calculate 7 - (-11 + 49 + -23 + -6 + (4 - -14)).
-20
What is 4 + 20 + (7 - -26) - -5?
62
Calculate (-23 - -7 - (-90 - -115)) + 20.
-21
Evaluate 299 + -123 + -194 + (16 - 2).
-4
What is 17 + -4 + -5 + (-2 - 4) + 1 - 58?
-55
Calculate 8 + (12 - 7) + -393 + 371.
-9
What is -119 + 214 + -64 + 35?
66
What is the value of (29 - 30 - (52 - 2) - -6) + -9?
-54
Evaluate 0 + -3 + -2 + -147 + 147 - -8 - -10.
13
Evaluate 1100 + -1072 - (38 + 0) - -105 - (12 + 0).
83
What is the value of (6 - (8 + -4 - (84 + -63))) + (-9 - -1)?
15
(-15 + (10 - -9) + 2 - 36) + 10
-20
What is -4 + -53 + (-35 - -114)?
22
10 + (-34 - 39) + 43
-20
Evaluate -19 + 0 + 3 + -10 + -8 + 3.
-31
Calculate 2293 + -2303 + (-3 - (2 + -3) - 16).
-28
What is (-2 + 0 - 31) + 72 + (-55 - 34)?
-50
What is the value of -1 + -68 - ((-47 - -5 - -1) + 30)?
-58
What is (3 + -1 - (13 + 0 + -13)) + -471 + 445?
-24
Evaluate -3 + -20 + (-130 - -166).
13
1 + -6 - ((13 + 20 + -18 - 11) + 1)
-10
What is the value of -51 + (-46 - -55) - -82?
40
(-2 - 0) + (1 - -12) + (11 - (-4 + -14))
40
61 + (9 - (9 - (2 + 14 + -15)))
62
Calculate 8 - 4 - 9 - (-28 - -71 - 41) - 125.
-132
Calculate 15 + -9 + -9 - (2 + 1) - (1 - 57).
50
Evaluate 72428 + -72471 + 161 + 0 + -2.
116
Evaluate -11 - (4 + 27 - -6).
-48
Calculate (39 - 83 - -59) + -6.
9
What is (-1 - -2) + -38 - (1526 - 1560)?
-3
Evaluate -6 + 6 + 6 + (40 + 6 - 34).
18
What is -71 + 45 - (11 + (-6 - 39)) - (-37 - -1)?
44
Evaluate -15 + -18 + 11 + -4 + 1.
-25
Evaluate -136 + 370 - 95 - 14.
125
Calculate -140 + 10 + (3 - (27 + -12)) + 9 - -11.
-122
Calculate -1 + -6 + -19 + -7 + (640 - 646).
-39
What is 69 - 65 - 69 - -84?
19
What is the value of -9 + (11 - (7 - (4 - 4)) - 0) + -4?
-9
(-11 + 5 - 10) + 13 + -34 + 3
-34
What is the value of 5 + (-2 - 17 - (-41 + -3))?
30
Calculate (19 - (17 + 13)) + -10 + 42.
21
(-65 - -67) + 6 + -20 + -16 + 3 + 2
-23
(-1 - (-5 + -15 + 6)) + 801 + -856
-42
Calculate 123 + 8 - (68 + -2).
65
Evaluate -2 + 84 + (-4 + 40 - 34).
84
(-1395 - -1329) + (-8 - (2 + -2))
-74
Evaluate 3 - (1 - -1 - ((32 - (-6 - -41)) + 8)).
6
3 + 1 + -6 - -10 - (35 + -72 - -33)
12
Evaluate -46 + -10 - -7 - -7 - (0 - 7 - 3).
-32
What is the value of -20 + 7 - (2 + 5 - (-6 + 1 + -4))?
-29
(0 - -32) + (12 - (-11 + 42 - (2 + 17)))
32
Evaluate 1 - (6 - 9) - (1 - (2 + 126) - -13).
118
What is 0 - (-7 + 2) - -4 - (-5 - (1 + -17))?
-2
Evaluate 1932 + -1965 - (-1 - (6 + 1)).
-25
-35 - (-93 - (7 + 4 + -22))
47
Evaluate (2 - -8) + 2 + (314 - 309).
17
What is -26 + (-5 - (24 + -44)) + -98?
-109
Calculate 2 + 0 + (-3091 - -3086).
-3
Calculate ((11 - 11) + 1 - 0) + 4 - 82 - -11.
-66
Evaluate 7074 + -7105 + (-12 - 1).
-44
Calculate -38 + (115 + -108 - (28 - -1)).
-60
What is the value of (5 - 13 - -20 - (0 + -3)) + -60?
-45
What is (-8923 - -8845) + -12 + (1 - 3)?
-92
What is 139 + -50 + (-7 - 41)?
41
533 + -512 - (11 - 0 - 1)
11
What is the value of 4 - 30 - -42 - (13 + 6)?
-3
What is the value of (18 - -10) + (93 - 99) + (8 - 0)?
30
Calculate (-64 - -18) + -5 - 30 - 8.
-89
Calculate -66 - 0 - (43 + -54 - -6).
-61
Evaluate 31 - (11 + (-44 - (-21 - 7))).
36
Evaluate (-15 - (7 + 5)) + 21 - (0 - -13).
-19
Calculate -34 + 58 + 60 + -79.
5
What is 55 + (57 - 20) + -107?
-15
What is the value of -30 - (-147 + 102) - (73 + 2 - -4)?
-64
What is the value of -55 + (165 - 129) + -64 + 0?
-83
(9 - -7) + 16 - 33
-1
What is the value of -2 + -34 + (67 + -12 - 51)?
-32
Evaluate -5 + 1 + 2 + (155 - 115 - 71).
-33
What is the value of (6 + (-8 + 21 - 5) - (6 + 81)) + -8?
-81
Evaluate -9 + 4 + (-2 - -57 - -10) + 3 + -2.
61
Evaluate 3 - 19 - (14 - 4 - (-26 - -12)).
-40
Evaluate 33 + (-12 - (-17 - (21 + -53 + 17))).
23
What is 0 + -4 + 6 + 5 - 4 - -32?
35
What is the value of -176 + -153 + -46 + 273?
-102
5 - (67 - 49 - -2)
-15
Calculate (-95 - -5) + (70 + -52 - 29).
-101
Evaluate -9 + -80 + 97 + 0 + 25.
33
Calculate (268 - 229) + (11 - 157) + 12.
-95
What is the value of -12 - (12 - ((14 - 0) + -10 - -73))?
53
-36 - (14 + 35 - 49 - (3 - 1))
-34
Calculate -33 + 29 - -28 - 29 - (0 + -4).
-1
Evaluate -53 + (32 - -57 - 31).
5
-17 + (28 - 5) - (-8 - (2 + 2 + -3))
15
What is the value of (19 + -5 - -11) + (-33 - 48)?
-56
-3 - (5 + 19) - (6 - (-1 + -10 + 12))
-32
What is the value of -100 - (7 - (-16 + 92))?
